{"id":33,"date":"2015-04-27T22:23:35","date_gmt":"2015-04-27T20:23:35","guid":{"rendered":"http:\/\/www.praxis-feltes.de\/praxis\/?page_id=33"},"modified":"2015-07-28T20:46:55","modified_gmt":"2015-07-28T18:46:55","slug":"menuepunkt-5","status":"publish","type":"page","link":"https:\/\/www.praxis-feltes.de\/praxis\/menuepunkt-5\/","title":{"rendered":"QM-System"},"content":{"rendered":"<h3><span style=\"color: #21759b;\"><a href=\"https:\/\/www.praxis-feltes.de\/praxis\/wp-content\/uploads\/2015\/04\/praxis_pan_04.jpg\"><img loading=\"lazy\" decoding=\"async\" class=\"alignnone size-full wp-image-149\" src=\"https:\/\/www.praxis-feltes.de\/praxis\/wp-content\/uploads\/2015\/04\/praxis_pan_04.jpg\" alt=\"praxis_pan_04\" width=\"1280\" height=\"410\" srcset=\"https:\/\/www.praxis-feltes.de\/praxis\/wp-content\/uploads\/2015\/04\/praxis_pan_04.jpg 1280w, https:\/\/www.praxis-feltes.de\/praxis\/wp-content\/uploads\/2015\/04\/praxis_pan_04-300x96.jpg 300w, https:\/\/www.praxis-feltes.de\/praxis\/wp-content\/uploads\/2015\/04\/praxis_pan_04-1024x328.jpg 1024w, https:\/\/www.praxis-feltes.de\/praxis\/wp-content\/uploads\/2015\/04\/praxis_pan_04-768x246.jpg 768w, https:\/\/www.praxis-feltes.de\/praxis\/wp-content\/uploads\/2015\/04\/praxis_pan_04-700x224.jpg 700w\" sizes=\"(max-width: 1280px) 100vw, 1280px\" \/><\/a>Qualit\u00e4tsmanagement<\/span><\/h3>\n<p>Zur Optimierung der Organisation und Patientenversorgung haben wir in unserer Praxis ein Qualit\u00e4tsmanagement-System eingef\u00fchrt.<\/p>\n<p>Bewusst haben wir uns hier f\u00fcr das Qualit\u00e4tsmanagement-System der Kassen\u00e4rztlichen Vereinigungen (KV) mit der Kassen\u00e4rztlichen Bundesvereinigung\u00a0(KBV) &#8211; QEP\u00ae &#8211; entschieden und uns bei der Integrierung des Systems an dem Qualit\u00e4tszielkatalog des QEP\u00ae orientiert. Dieses System wurde u.a. speziell f\u00fcr ambulant t\u00e4tige \u00c4rzte entwickelt, es ist leicht verst\u00e4ndlich und umsetzbar sowie wissenschaftlich gepr\u00fcft.<br \/>\nDes Weiteren steht hier die Patientenversorgung im Mittelpunkt.<a href=\"https:\/\/www.praxis-feltes.de\/praxis\/wp-content\/uploads\/2015\/04\/qep.png\"><img loading=\"lazy\" decoding=\"async\" class=\"alignright size-full wp-image-168\" src=\"https:\/\/www.praxis-feltes.de\/praxis\/wp-content\/uploads\/2015\/04\/qep.png\" alt=\"qep\" width=\"220\" height=\"130\" \/><\/a><\/p>\n<p>Die Qualit\u00e4tsziele sind erf\u00fcllt und werden fortlaufend aktualisiert.<br \/>\nAuf eine Zertifizierung wurde bislang verzichtet.<\/p>\n","protected":false},"excerpt":{"rendered":"<p>Qualit\u00e4tsmanagement Zur Optimierung der Organisation und Patientenversorgung haben wir in unserer Praxis ein Qualit\u00e4tsmanagement-System eingef\u00fchrt. Bewusst haben wir uns hier f\u00fcr das Qualit\u00e4tsmanagement-System der Kassen\u00e4rztlichen Vereinigungen (KV) mit der Kassen\u00e4rztlichen Bundesvereinigung\u00a0(KBV) &#8211; QEP\u00ae &#8211; entschieden und uns bei der Integrierung des Systems an dem Qualit\u00e4tszielkatalog des QEP\u00ae orientiert. Dieses System &#8230;<\/p>\n","protected":false},"author":1,"featured_media":0,"parent":0,"menu_order":5,"comment_status":"closed","ping_status":"open","template":"","meta":{"footnotes":""},"class_list":["post-33","page","type-page","status-publish","hentry","column","threecol"],"_links":{"self":[{"href":"https:\/\/www.praxis-feltes.de\/praxis\/wp-json\/wp\/v2\/pages\/33"}],"collection":[{"href":"https:\/\/www.praxis-feltes.de\/praxis\/wp-json\/wp\/v2\/pages"}],"about":[{"href":"https:\/\/www.praxis-feltes.de\/praxis\/wp-json\/wp\/v2\/types\/page"}],"author":[{"embeddable":true,"href":"https:\/\/www.praxis-feltes.de\/praxis\/wp-json\/wp\/v2\/users\/1"}],"replies":[{"embeddable":true,"href":"https:\/\/www.praxis-feltes.de\/praxis\/wp-json\/wp\/v2\/comments?post=33"}],"version-history":[{"count":11,"href":"https:\/\/www.praxis-feltes.de\/praxis\/wp-json\/wp\/v2\/pages\/33\/revisions"}],"predecessor-version":[{"id":242,"href":"https:\/\/www.praxis-feltes.de\/praxis\/wp-json\/wp\/v2\/pages\/33\/revisions\/242"}],"wp:attachment":[{"href":"https:\/\/www.praxis-feltes.de\/praxis\/wp-json\/wp\/v2\/media?parent=33"}],"curies":[{"name":"wp","href":"https:\/\/api.w.org\/{rel}","templated":true}]}}